{"id":2651208,"date":"2026-05-28T12:04:55","date_gmt":"2026-05-28T12:04:55","guid":{"rendered":"https:\/\/www.cocoinmobiliaria.com\/inmueble\/venta\/terreno-urbano\/illes-balears\/arta\/p-375\/"},"modified":"2026-05-28T12:04:55","modified_gmt":"2026-05-28T12:04:55","slug":"solar-urbanizable-en-arta-p-375-en","status":"publish","type":"property","link":"https:\/\/www.cocoinmobiliaria.com\/en\/inmueble\/venta\/terreno-urbano\/illes-balears\/arta\/p-375\/","title":{"rendered":"Solar urbanizable en Art\u00e1. &#8211; p-375"},"content":{"rendered":"<p>COCO INMOBILIARIA OFRECE.<\/p>\n<p>Solar urbano en venta en el encantador pueblo de Art\u00e0, con posibilidad de construir una exclusiva vivienda unifamiliar de dise\u00f1o contempor\u00e1neo con piscina.<\/p>\n<p>La parcela cuenta con aproximadamente 279 m\u00b2 y dispone de un estudio\/proyecto b\u00e1sico realizado para una espectacular vivienda de unos 238 m\u00b2 construidos, distribuida en dos plantas, con 3 dormitorios en suite, amplias zonas abiertas de sal\u00f3n-comedor-cocina, garaje privado, terrazas, jard\u00edn y piscina.<\/p>\n<p>El dise\u00f1o plantea una vivienda luminosa, moderna y perfectamente integrada en el estilo mediterr\u00e1neo de la zona, priorizando la conexi\u00f3n entre interior y exterior, los espacios amplios y la privacidad.<\/p>\n<p>Ubicado en una zona privilegiada del centro de Art\u00e0, a pocos minutos de algunas de las calas m\u00e1s bonitas del noreste de Mallorca y rodeado de naturaleza, servicios y excelente conexi\u00f3n.<\/p>\n<p>Una magn\u00edfica oportunidad para desarrollar una vivienda de alto nivel en uno de los pueblos con m\u00e1s encanto de Mallorca.<\/p>\n<p>El precio corresponde \u00fanicamente al solar. El proyecto b\u00e1sico mostrado tiene car\u00e1cter orientativo.<\/p>\n","protected":false},"excerpt":{"rendered":"<p>COCO INMOBILIARIA OFRECE.~~Solar urbano en venta en el encantador pueblo de Art\u00e0, con posibilidad de construir una exclusiva vivienda unifamiliar de dise\u00f1o contempor\u00e1neo con piscina.~~La parcela cuenta con aproximadamente 279 m\u00b2 y dispone de un estudio\/proyecto b\u00e1sico realizado para una espectacular vivienda de unos 238 m\u00b2 construidos,<\/p>\n","protected":false},"author":3,"featured_media":2651210,"parent":0,"menu_order":0,"template":"","property_type":[733],"property_status":[417],"property_feature":[430],"property_label":[],"property_country":[],"property_state":[418],"property_city":[814],"property_area":[815],"class_list":["post-2651208","property","type-property","status-publish","has-post-thumbnail","hentry","property_type-laand","property_status-sale","property_feature-garden","property_state-illes-balears","property_city-arta","property_area-arta"],"property_meta":{"fave_agent":["43378"],"fave_agents":["43378"],"fave_agent_display_option":["agent_info"],"property_agent":["43378"],"custom_permalink":["inmueble\/venta\/terreno-urbano\/illes-balears\/arta\/p-375\/"],"_thumbnail_id":["2651210"],"post_id":["Array"],"original_author":["3"],"_edit_lock":["1604137107:1"],"_edit_last":["1"],"fave_property_map_street_view":["show"],"fave_payment_status":["not_paid"],"fave_single_top_area":["global"],"fave_single_content_area":["global"],"houzez_manual_expire":["0"],"fave_property_size_prefix":["m&sup2;"],"fave_property_map":["1"],"fave_additional_features_enable":["disable"],"fave_floor_plans_enable":["disable"],"fave_multiunit_plans_enable":["disable"],"fave_prop_homeslider":["yes"],"fave_featured":["1"],"fave_property_address":["Art\u00e0,Illes Balears"],"fave_property_zip":["07570"],"houzez_geolocation_lat":["39.692147038"],"houzez_geolocation_long":["3.349072093"],"fave_property_location":["39.692147038,3.349072093"],"fave_property_country":["ES"],"fave_property_map_address":["Art\u00e0,Illes Balears,Spain"],"fave_comunidadimporte":["0"],"fave_comunidadincluida":["0"],"fave_conservacion":["Ninguno"],"fave_orientacion":[""],"fave_carpinteriainterior":[""],"fave_carpinteriaexterior":[""],"fave_tiposuelo":[""],"fave_vistas":[""],"additional_features":["a:5:{i:0;a:2:{s:29:\"fave_additional_feature_title\";s:12:\"Carpinter\u00eda\";s:29:\"fave_additional_feature_value\";s:0:\"\";}i:1;a:2:{s:29:\"fave_additional_feature_title\";s:21:\"Carpinter\u00eda exterior\";s:29:\"fave_additional_feature_value\";s:0:\"\";}i:2;a:2:{s:29:\"fave_additional_feature_title\";s:6:\"Estado\";s:29:\"fave_additional_feature_value\";s:7:\"Ninguno\";}i:3;a:2:{s:29:\"fave_additional_feature_title\";s:6:\"Vistas\";s:29:\"fave_additional_feature_value\";s:0:\"\";}i:4;a:2:{s:29:\"fave_additional_feature_title\";s:11:\"Orientacion\";s:29:\"fave_additional_feature_value\";s:0:\"\";}}"],"fave_planta":["Planta baja"],"referencia":["p-375"],"fave_property_id":["p-375"],"fave_property_bedrooms":["0"],"fave_property_bathrooms":["0"],"fave_property_garage":[""],"fave_property_land":["280"],"ave_property_land_postfix":["m&sup2;"],"fave_property_size":["0"],"fave_property_year":["0"],"fave_energy_global_index":["0 kWh\/m&sup2; \/0 Kg CO2\/m&sup2;"],"fave_energy_class":["N"],"estate_attr_energy_class":["Tramitando..."],"REAL_HOMES_property_emisiones":["0"],"REAL_HOMES_property_consumo":["0"],"REAL_HOMES_property_letra":["N"],"estate_video":[""],"fave_virtual_tour":[""],"vendidoInmueble":[""],"fave_property_price":["345000"],"fave_property_price_postfix":[""],"fave_property_images":["2651210","2651211","2651212","2651213","2651214","2651215"],"houzez_total_property_views":["2"],"houzez_views_by_date":["a:1:{s:10:\"09-05-2026\";i:2;}"],"houzez_recently_viewed":["2026-09-05 06:22:56"],"_elementor_page_assets":["a:0:{}"]},"_links":{"self":[{"href":"https:\/\/www.cocoinmobiliaria.com\/en\/wp-json\/wp\/v2\/properties\/2651208","targetHints":{"allow":["GET"]}}],"collection":[{"href":"https:\/\/www.cocoinmobiliaria.com\/en\/wp-json\/wp\/v2\/properties"}],"about":[{"href":"https:\/\/www.cocoinmobiliaria.com\/en\/wp-json\/wp\/v2\/types\/property"}],"author":[{"embeddable":true,"href":"https:\/\/www.cocoinmobiliaria.com\/en\/wp-json\/wp\/v2\/users\/3"}],"version-history":[{"count":0,"href":"https:\/\/www.cocoinmobiliaria.com\/en\/wp-json\/wp\/v2\/properties\/2651208\/revisions"}],"wp:featuredmedia":[{"embeddable":true,"href":"https:\/\/www.cocoinmobiliaria.com\/en\/wp-json\/wp\/v2\/media\/2651210"}],"wp:attachment":[{"href":"https:\/\/www.cocoinmobiliaria.com\/en\/wp-json\/wp\/v2\/media?parent=2651208"}],"wp:term":[{"taxonomy":"property_type","embeddable":true,"href":"https:\/\/www.cocoinmobiliaria.com\/en\/wp-json\/wp\/v2\/property_type?post=2651208"},{"taxonomy":"property_status","embeddable":true,"href":"https:\/\/www.cocoinmobiliaria.com\/en\/wp-json\/wp\/v2\/property_status?post=2651208"},{"taxonomy":"property_feature","embeddable":true,"href":"https:\/\/www.cocoinmobiliaria.com\/en\/wp-json\/wp\/v2\/property_feature?post=2651208"},{"taxonomy":"property_label","embeddable":true,"href":"https:\/\/www.cocoinmobiliaria.com\/en\/wp-json\/wp\/v2\/property_label?post=2651208"},{"taxonomy":"property_country","embeddable":true,"href":"https:\/\/www.cocoinmobiliaria.com\/en\/wp-json\/wp\/v2\/property_country?post=2651208"},{"taxonomy":"property_state","embeddable":true,"href":"https:\/\/www.cocoinmobiliaria.com\/en\/wp-json\/wp\/v2\/property_state?post=2651208"},{"taxonomy":"property_city","embeddable":true,"href":"https:\/\/www.cocoinmobiliaria.com\/en\/wp-json\/wp\/v2\/property_city?post=2651208"},{"taxonomy":"property_area","embeddable":true,"href":"https:\/\/www.cocoinmobiliaria.com\/en\/wp-json\/wp\/v2\/property_area?post=2651208"}],"curies":[{"name":"wp","href":"https:\/\/api.w.org\/{rel}","templated":true}]}}

Solar urbanizable en Artá. &#8211; p-375

<p>COCO INMOBILIARIA OFRECE.</p>
<p>Solar urbano en venta en el encantador pueblo de Artà, con posibilidad de construir una exclusiva vivienda unifamiliar de diseño contemporáneo con piscina.</p>
<p>La parcela cuenta con aproximadamente 279 m² y dispone de un estudio/proyecto básico realizado para una espectacular vivienda de unos 238 m² construidos, distribuida en dos plantas, con 3 dormitorios en suite, amplias zonas abiertas de salón-comedor-cocina, garaje privado, terrazas, jardín y piscina.</p>
<p>El diseño plantea una vivienda luminosa, moderna y perfectamente integrada en el estilo mediterráneo de la zona, priorizando la conexión entre interior y exterior, los espacios amplios y la privacidad.</p>
<p>Ubicado en una zona privilegiada del centro de Artà, a pocos minutos de algunas de las calas más bonitas del noreste de Mallorca y rodeado de naturaleza, servicios y excelente conexión.</p>
<p>Una magnífica oportunidad para desarrollar una vivienda de alto nivel en uno de los pueblos con más encanto de Mallorca.</p>
<p>El precio corresponde únicamente al solar. El proyecto básico mostrado tiene carácter orientativo.</p>

<p>COCO INMOBILIARIA OFRECE.~~Solar urbano en venta en el encantador pueblo de Artà, con posibilidad de construir una exclusiva vivienda unifamiliar de diseño contemporáneo con piscina.~~La parcela cuenta con aproximadamente 279 m² y dispone de un estudio/proyecto básico realizado para una espectacular vivienda de unos 238 m² construidos,</p>

Artà,Illes Balears

Artà,Illes Balears,Spain

a:5:{i:0;a:2:{s:29:"fave_additional_feature_title";s:12:"Carpintería";s:29:"fave_additional_feature_value";s:0:"";}i:1;a:2:{s:29:"fave_additional_feature_title";s:21:"Carpintería exterior";s:29:"fave_additional_feature_value";s:0:"";}i:2;a:2:{s:29:"fave_additional_feature_title";s:6:"Estado";s:29:"fave_additional_feature_value";s:7:"Ninguno";}i:3;a:2:{s:29:"fave_additional_feature_title";s:6:"Vistas";s:29:"fave_additional_feature_value";s:0:"";}i:4;a:2:{s:29:"fave_additional_feature_title";s:11:"Orientacion";s:29:"fave_additional_feature_value";s:0:"";}}
