{"id":2401532,"date":"2025-03-13T12:28:54","date_gmt":"2025-03-13T12:28:54","guid":{"rendered":"https:\/\/www.cocoinmobiliaria.com\/inmueble\/venta\/casa\/illes-balears\/manacor\/c-78\/"},"modified":"2025-03-13T12:28:54","modified_gmt":"2025-03-13T12:28:54","slug":"obra-nueva-en-cala-romantica-c-78-en","status":"publish","type":"property","link":"https:\/\/www.cocoinmobiliaria.com\/en\/inmueble\/venta\/casa\/illes-balears\/manacor\/c-78\/","title":{"rendered":"OBRA NUEVA EN CALA ROMANTICA. &#8211; c-78"},"content":{"rendered":"<p>COCO INMOBILIARIA OFRECE.<\/p>\n<p>Descubre la nueva joya residencial en el este de Mallorca, ubicada en Cala Rom\u00e1ntica. <\/p>\n<p>Este exclusivo complejo ofrece 159 casas pareadas y villas independientes, dise\u00f1adas para brindar bienestar y confort, ideal para vivir el aut\u00e9ntico estilo de vida mediterr\u00e1neo de Mallorca.<\/p>\n<p>Las viviendas se encuentran disponibles desde 385.000&euro;. Dispondr\u00e1s de opci\u00f3n a piscina privada por importe adicional de 18.750&euro;.<\/p>\n<p>Las residencias var\u00edan en tama\u00f1o y distribuci\u00f3n, con opciones de 2, 3 o 4 dormitorios, que van desde 75 m2 hasta 150 m2 de espacio habitable. Cada una incluye al menos una plaza de aparcamiento exterior y la posibilidad de a\u00f1adir una p\u00e9rgola, as\u00ed como la opci\u00f3n de instalar una peque\u00f1a piscina privada.<\/p>\n<p>Este proyecto ofrece un equilibrio perfecto entre comodidad, ocio y tranquilidad. Estrat\u00e9gicamente ubicado, permite un acceso r\u00e1pido al aeropuerto internacional de Mallorca en aproximadamente 50 minutos en coche y al centro de Palma de Mallorca en una hora. Adem\u00e1s, Manacor, la segunda ciudad m\u00e1s grande de la isla, est\u00e1 a solo 20 minutos.<\/p>\n<p>La zona est\u00e1 rodeada de hermosas playas y calas en la costa este, as\u00ed como varios puertos deportivos, clubes de tenis y campos de golf cercanos. La playa de &#8216;Estany d&#8217;en Mas&#8217; est\u00e1 a solo 5 minutos de distancia, perfecta para disfrutar del mar y el sol.<\/p>\n<p>Las comodidades incluyen un spa interior y exterior, gimnasio completamente equipado, un peque\u00f1o cine privado, un gastrobar y una vers\u00e1til sala polivalente. La residencia est\u00e1 dise\u00f1ada para ofrecer un entorno donde puedes relajarte y disfrutar momentos especiales con amigos, familiares y vecinos.<\/p>\n<p>La construcci\u00f3n est\u00e1 programada para finalizar en la primavera de 2026, con una casa piloto disponible para visitas. Cada detalle de las viviendas est\u00e1 pensado para el m\u00e1ximo confort, con caracter\u00edsticas como ventanas de aluminio de doble acristalamiento, puertas de seguridad, armarios empotrados, suelo laminado, y tecnolog\u00eda dom\u00f3tica preinstalada.<\/p>\n<p>Adem\u00e1s, SUNRISE BAY RESIDENCES ofrece opciones de personalizaci\u00f3n como piscinas privadas, p\u00e9rgolas y mejoras en el dise\u00f1o interior por un cargo adicional, permiti\u00e9ndote adaptar tu hogar seg\u00fan tus gustos y necesidades.<\/p>\n<p>Sum\u00e9rgete en el estilo de vida exclusivo que ofrece SUNRISE BAY RESIDENCES, donde cada d\u00eda se convierte en una experiencia mediterr\u00e1nea \u00fanica.<\/p>\n","protected":false},"excerpt":{"rendered":"<p>COCO INMOBILIARIA OFRECE.~~Descubre la nueva joya residencial en el este de Mallorca, ubicada en Cala Rom\u00e1ntica. ~~Este exclusivo complejo ofrece 159 casas pareadas y villas independientes, dise\u00f1adas para brindar bienestar y confort, ideal para vivir el aut\u00e9ntico estilo de vida mediterr\u00e1neo de Mallorca.~~Las viviendas se encuentran <\/p>\n","protected":false},"author":3,"featured_media":2401534,"parent":0,"menu_order":0,"template":"","property_type":[727],"property_status":[417],"property_feature":[448],"property_label":[],"property_country":[],"property_state":[418],"property_city":[559],"property_area":[801],"class_list":["post-2401532","property","type-property","status-publish","has-post-thumbnail","hentry","property_type-house-chalet","property_status-sale","property_feature-exterior-overlooking","property_state-illes-balears","property_city-manacor","property_area-cala-romantica"],"property_meta":{"fave_agent":["43378"],"fave_agents":["43378"],"fave_agent_display_option":["agent_info"],"property_agent":["43378"],"custom_permalink":["inmueble\/venta\/casa\/illes-balears\/manacor\/c-78\/"],"_thumbnail_id":["2401534"],"post_id":["Array"],"original_author":["3"],"_edit_lock":["1604137107:1"],"_edit_last":["1"],"fave_property_map_street_view":["show"],"fave_payment_status":["not_paid"],"fave_single_top_area":["global"],"fave_single_content_area":["global"],"houzez_manual_expire":["0"],"fave_property_size_prefix":["m&sup2;"],"fave_property_map":["1"],"fave_additional_features_enable":["disable"],"fave_floor_plans_enable":["disable"],"fave_multiunit_plans_enable":["disable"],"fave_prop_homeslider":["yes"],"fave_featured":["1"],"fave_property_address":["Manacor,Illes Balears"],"fave_property_zip":["07680"],"houzez_geolocation_lat":["39.5743365"],"houzez_geolocation_long":["3.20141601"],"fave_property_location":["39.5743365,3.20141601"],"fave_property_country":["ES"],"fave_property_map_address":["Manacor,Illes Balears,Spain"],"fave_comunidadimporte":["0"],"fave_comunidadincluida":["0"],"fave_conservacion":["Nuevo"],"fave_orientacion":[""],"fave_carpinteriainterior":[""],"fave_carpinteriaexterior":[""],"fave_tiposuelo":[""],"fave_vistas":[""],"additional_features":["a:5:{i:0;a:2:{s:29:\"fave_additional_feature_title\";s:12:\"Carpinter\u00eda\";s:29:\"fave_additional_feature_value\";s:0:\"\";}i:1;a:2:{s:29:\"fave_additional_feature_title\";s:21:\"Carpinter\u00eda exterior\";s:29:\"fave_additional_feature_value\";s:0:\"\";}i:2;a:2:{s:29:\"fave_additional_feature_title\";s:6:\"Estado\";s:29:\"fave_additional_feature_value\";s:5:\"Nuevo\";}i:3;a:2:{s:29:\"fave_additional_feature_title\";s:6:\"Vistas\";s:29:\"fave_additional_feature_value\";s:0:\"\";}i:4;a:2:{s:29:\"fave_additional_feature_title\";s:11:\"Orientacion\";s:29:\"fave_additional_feature_value\";s:0:\"\";}}"],"fave_planta":["Planta baja"],"referencia":["c-78"],"fave_property_id":["c-78"],"fave_property_bedrooms":["2"],"fave_property_bathrooms":["1"],"fave_property_garage":[""],"fave_property_land":["286"],"ave_property_land_postfix":["m&sup2;"],"fave_property_size":["115"],"fave_property_year":["2026"],"fave_energy_global_index":["0 kWh\/m&sup2; \/0 Kg CO2\/m&sup2;"],"fave_energy_class":["N"],"estate_attr_energy_class":["Tramitando..."],"REAL_HOMES_property_emisiones":["0"],"REAL_HOMES_property_consumo":["0"],"REAL_HOMES_property_letra":["N"],"estate_video":[""],"fave_virtual_tour":[""],"vendidoInmueble":[""],"fave_property_price":["385000"],"fave_property_price_postfix":[""],"fave_property_images":["2401534","2401535","2401536","2401537","2401538","2401539","2401540","2401541","2401542","2401543","2401544","2401545","2401546","2401547","2401548"],"houzez_total_property_views":["2"],"houzez_views_by_date":["a:1:{s:10:\"05-03-2026\";i:2;}"],"houzez_recently_viewed":["2026-05-03 14:30:28"],"_elementor_page_assets":["a:0:{}"]},"_links":{"self":[{"href":"https:\/\/www.cocoinmobiliaria.com\/en\/wp-json\/wp\/v2\/properties\/2401532","targetHints":{"allow":["GET"]}}],"collection":[{"href":"https:\/\/www.cocoinmobiliaria.com\/en\/wp-json\/wp\/v2\/properties"}],"about":[{"href":"https:\/\/www.cocoinmobiliaria.com\/en\/wp-json\/wp\/v2\/types\/property"}],"author":[{"embeddable":true,"href":"https:\/\/www.cocoinmobiliaria.com\/en\/wp-json\/wp\/v2\/users\/3"}],"version-history":[{"count":0,"href":"https:\/\/www.cocoinmobiliaria.com\/en\/wp-json\/wp\/v2\/properties\/2401532\/revisions"}],"wp:featuredmedia":[{"embeddable":true,"href":"https:\/\/www.cocoinmobiliaria.com\/en\/wp-json\/wp\/v2\/media\/2401534"}],"wp:attachment":[{"href":"https:\/\/www.cocoinmobiliaria.com\/en\/wp-json\/wp\/v2\/media?parent=2401532"}],"wp:term":[{"taxonomy":"property_type","embeddable":true,"href":"https:\/\/www.cocoinmobiliaria.com\/en\/wp-json\/wp\/v2\/property_type?post=2401532"},{"taxonomy":"property_status","embeddable":true,"href":"https:\/\/www.cocoinmobiliaria.com\/en\/wp-json\/wp\/v2\/property_status?post=2401532"},{"taxonomy":"property_feature","embeddable":true,"href":"https:\/\/www.cocoinmobiliaria.com\/en\/wp-json\/wp\/v2\/property_feature?post=2401532"},{"taxonomy":"property_label","embeddable":true,"href":"https:\/\/www.cocoinmobiliaria.com\/en\/wp-json\/wp\/v2\/property_label?post=2401532"},{"taxonomy":"property_country","embeddable":true,"href":"https:\/\/www.cocoinmobiliaria.com\/en\/wp-json\/wp\/v2\/property_country?post=2401532"},{"taxonomy":"property_state","embeddable":true,"href":"https:\/\/www.cocoinmobiliaria.com\/en\/wp-json\/wp\/v2\/property_state?post=2401532"},{"taxonomy":"property_city","embeddable":true,"href":"https:\/\/www.cocoinmobiliaria.com\/en\/wp-json\/wp\/v2\/property_city?post=2401532"},{"taxonomy":"property_area","embeddable":true,"href":"https:\/\/www.cocoinmobiliaria.com\/en\/wp-json\/wp\/v2\/property_area?post=2401532"}],"curies":[{"name":"wp","href":"https:\/\/api.w.org\/{rel}","templated":true}]}}

<p>COCO INMOBILIARIA OFRECE.</p>
<p>Descubre la nueva joya residencial en el este de Mallorca, ubicada en Cala Romántica. </p>
<p>Este exclusivo complejo ofrece 159 casas pareadas y villas independientes, diseñadas para brindar bienestar y confort, ideal para vivir el auténtico estilo de vida mediterráneo de Mallorca.</p>
<p>Las viviendas se encuentran disponibles desde 385.000&euro;. Dispondrás de opción a piscina privada por importe adicional de 18.750&euro;.</p>
<p>Las residencias varían en tamaño y distribución, con opciones de 2, 3 o 4 dormitorios, que van desde 75 m2 hasta 150 m2 de espacio habitable. Cada una incluye al menos una plaza de aparcamiento exterior y la posibilidad de añadir una pérgola, así como la opción de instalar una pequeña piscina privada.</p>
<p>Este proyecto ofrece un equilibrio perfecto entre comodidad, ocio y tranquilidad. Estratégicamente ubicado, permite un acceso rápido al aeropuerto internacional de Mallorca en aproximadamente 50 minutos en coche y al centro de Palma de Mallorca en una hora. Además, Manacor, la segunda ciudad más grande de la isla, está a solo 20 minutos.</p>
<p>La zona está rodeada de hermosas playas y calas en la costa este, así como varios puertos deportivos, clubes de tenis y campos de golf cercanos. La playa de &#8216;Estany d&#8217;en Mas&#8217; está a solo 5 minutos de distancia, perfecta para disfrutar del mar y el sol.</p>
<p>Las comodidades incluyen un spa interior y exterior, gimnasio completamente equipado, un pequeño cine privado, un gastrobar y una versátil sala polivalente. La residencia está diseñada para ofrecer un entorno donde puedes relajarte y disfrutar momentos especiales con amigos, familiares y vecinos.</p>
<p>La construcción está programada para finalizar en la primavera de 2026, con una casa piloto disponible para visitas. Cada detalle de las viviendas está pensado para el máximo confort, con características como ventanas de aluminio de doble acristalamiento, puertas de seguridad, armarios empotrados, suelo laminado, y tecnología domótica preinstalada.</p>
<p>Además, SUNRISE BAY RESIDENCES ofrece opciones de personalización como piscinas privadas, pérgolas y mejoras en el diseño interior por un cargo adicional, permitiéndote adaptar tu hogar según tus gustos y necesidades.</p>
<p>Sumérgete en el estilo de vida exclusivo que ofrece SUNRISE BAY RESIDENCES, donde cada día se convierte en una experiencia mediterránea única.</p>

<p>COCO INMOBILIARIA OFRECE.~~Descubre la nueva joya residencial en el este de Mallorca, ubicada en Cala Romántica. ~~Este exclusivo complejo ofrece 159 casas pareadas y villas independientes, diseñadas para brindar bienestar y confort, ideal para vivir el auténtico estilo de vida mediterráneo de Mallorca.~~Las viviendas se encuentran </p>

a:5:{i:0;a:2:{s:29:"fave_additional_feature_title";s:12:"Carpintería";s:29:"fave_additional_feature_value";s:0:"";}i:1;a:2:{s:29:"fave_additional_feature_title";s:21:"Carpintería exterior";s:29:"fave_additional_feature_value";s:0:"";}i:2;a:2:{s:29:"fave_additional_feature_title";s:6:"Estado";s:29:"fave_additional_feature_value";s:5:"Nuevo";}i:3;a:2:{s:29:"fave_additional_feature_title";s:6:"Vistas";s:29:"fave_additional_feature_value";s:0:"";}i:4;a:2:{s:29:"fave_additional_feature_title";s:11:"Orientacion";s:29:"fave_additional_feature_value";s:0:"";}}
