{"id":2393809,"date":"2026-04-27T14:49:20","date_gmt":"2026-04-27T14:49:20","guid":{"rendered":"https:\/\/www.cocoinmobiliaria.com\/inmueble\/venta\/apartamento\/illes-balears\/santanyi\/p-369\/"},"modified":"2026-04-27T14:49:20","modified_gmt":"2026-04-27T14:49:20","slug":"luminoso-piso-con-ascensor-y-terraza-centro-de-santanyi-p-369-en","status":"publish","type":"property","link":"https:\/\/www.cocoinmobiliaria.com\/en\/inmueble\/venta\/apartamento\/illes-balears\/santanyi\/p-369\/","title":{"rendered":"Luminoso piso con ascensor y terraza centro de Santany\u00ed. &#8211; p-369"},"content":{"rendered":"<p>Luminoso y acogedor apartamento situado en el coraz\u00f3n de Santany\u00ed, uno de los pueblos con m\u00e1s encanto y proyecci\u00f3n internacional del sureste de Mallorca. Esta propiedad representa una excelente oportunidad tanto como residencia habitual como segunda vivienda para quienes buscan disfrutar de un estilo de vida mediterr\u00e1neo aut\u00e9ntico, con todos los servicios a poca distancia y algunas de las mejores calas de la isla a pocos minutos en coche.<\/p>\n<p>Ubicado en una primera planta con ascensor, el piso ofrece una distribuci\u00f3n c\u00f3moda y funcional, destacando por su abundante luz natural durante todo el d\u00eda. Dispone de dos amplios dormitorios dobles y dos ba\u00f1os completos, una configuraci\u00f3n muy demandada por compradores internacionales que valoran el confort y la privacidad.<\/p>\n<p>El sal\u00f3n-comedor es espacioso y se abre a una agradable terraza privada, ideal para relajarse, desayunar al sol o disfrutar de las suaves temperaturas de Mallorca durante gran parte del a\u00f1o. La cocina es independiente y pr\u00e1ctica, con potencial para adaptarse a un estilo m\u00e1s contempor\u00e1neo si se desea.<\/p>\n<p>La propiedad forma parte de un edificio bien mantenido, en una zona c\u00e9ntrica pero tranquila, lo que permite combinar la vida local con la comodidad. Santany\u00ed es especialmente apreciado por su mercado tradicional, su oferta gastron\u00f3mica y su cercan\u00eda a enclaves naturales como Cala Santany\u00ed, Cala Llombards o el Parque Natural de Mondrag\u00f3, lo que a\u00f1ade un valor significativo tanto a nivel personal como de inversi\u00f3n.<\/p>\n","protected":false},"excerpt":{"rendered":"<p>Luminoso y acogedor apartamento situado en el coraz\u00f3n de Santany\u00ed, uno de los pueblos con m\u00e1s encanto y proyecci\u00f3n internacional del sureste de Mallorca. Esta propiedad representa una excelente oportunidad tanto como residencia habitual como segunda vivienda para quienes buscan disfrutar de un estilo de vida mediterr\u00e1neo aut\u00e9ntico, <\/p>\n","protected":false},"author":3,"featured_media":2393811,"parent":0,"menu_order":0,"template":"","property_type":[723],"property_status":[417],"property_feature":[500,536,426],"property_label":[],"property_country":[],"property_state":[418],"property_city":[883],"property_area":[884],"class_list":["post-2393809","property","type-property","status-publish","has-post-thumbnail","hentry","property_type-apartments","property_status-sale","property_feature-air-conditioning","property_feature-elevator","property_feature-terrace","property_state-illes-balears","property_city-santanyi","property_area-santanyi"],"property_meta":{"fave_agent":["43378"],"fave_agents":["43378"],"fave_agent_display_option":["agent_info"],"property_agent":["43378"],"custom_permalink":["inmueble\/venta\/apartamento\/illes-balears\/santanyi\/p-369\/"],"_thumbnail_id":["2393811"],"post_id":["Array"],"original_author":["3"],"_edit_lock":["1604137107:1"],"_edit_last":["1"],"fave_property_map_street_view":["show"],"fave_payment_status":["not_paid"],"fave_single_top_area":["global"],"fave_single_content_area":["global"],"houzez_manual_expire":["0"],"fave_property_size_prefix":["m&sup2;"],"fave_property_map":["1"],"fave_additional_features_enable":["disable"],"fave_floor_plans_enable":["disable"],"fave_multiunit_plans_enable":["disable"],"fave_prop_homeslider":["no"],"fave_featured":["0"],"fave_property_address":["Santany\u00ed,Illes Balears"],"fave_property_zip":[""],"houzez_geolocation_lat":["39.354883728"],"houzez_geolocation_long":["3.127718224"],"fave_property_location":["39.354883728,3.127718224"],"fave_property_country":["ES"],"fave_property_map_address":["Santany\u00ed,Illes Balears,Spain"],"fave_comunidadimporte":["0"],"fave_comunidadincluida":["0"],"fave_conservacion":["De origen"],"fave_orientacion":[""],"fave_carpinteriainterior":[""],"fave_carpinteriaexterior":["Aluminio"],"fave_tiposuelo":["Climalit"],"fave_vistas":[""],"additional_features":["a:5:{i:0;a:2:{s:29:\"fave_additional_feature_title\";s:12:\"Carpinter\u00eda\";s:29:\"fave_additional_feature_value\";s:0:\"\";}i:1;a:2:{s:29:\"fave_additional_feature_title\";s:21:\"Carpinter\u00eda exterior\";s:29:\"fave_additional_feature_value\";s:8:\"Aluminio\";}i:2;a:2:{s:29:\"fave_additional_feature_title\";s:6:\"Estado\";s:29:\"fave_additional_feature_value\";s:9:\"De origen\";}i:3;a:2:{s:29:\"fave_additional_feature_title\";s:6:\"Vistas\";s:29:\"fave_additional_feature_value\";s:0:\"\";}i:4;a:2:{s:29:\"fave_additional_feature_title\";s:11:\"Orientacion\";s:29:\"fave_additional_feature_value\";s:0:\"\";}}"],"fave_planta":["Planta baja"],"referencia":["p-369"],"fave_property_id":["p-369"],"fave_property_bedrooms":["2"],"fave_property_bathrooms":["2"],"fave_property_garage":[""],"fave_property_land":["0"],"ave_property_land_postfix":["m&sup2;"],"fave_property_size":["93"],"fave_property_year":["2008"],"fave_energy_global_index":["0 kWh\/m&sup2; \/1234.99 Kg CO2\/m&sup2;"],"fave_energy_class":["N"],"estate_attr_energy_class":["Tramitando..."],"REAL_HOMES_property_emisiones":["1234.99"],"REAL_HOMES_property_consumo":["0"],"REAL_HOMES_property_letra":["N"],"estate_video":[""],"fave_virtual_tour":[""],"vendidoInmueble":[""],"fave_property_price":["375000"],"fave_property_price_postfix":[""],"fave_property_images":["2393811","2393812","2393813","2393814","2393815","2393816","2393817","2393818","2393819","2393820","2393821","2393822","2393823","2393824","2393825","2393826","2393827","2393828","2393829","2393830","2393831","2393832","2393833"],"houzez_total_property_views":["1"],"houzez_views_by_date":["a:1:{s:10:\"04-28-2026\";i:1;}"],"houzez_recently_viewed":["2026-04-28 18:01:09"],"_elementor_page_assets":["a:0:{}"]},"_links":{"self":[{"href":"https:\/\/www.cocoinmobiliaria.com\/en\/wp-json\/wp\/v2\/properties\/2393809","targetHints":{"allow":["GET"]}}],"collection":[{"href":"https:\/\/www.cocoinmobiliaria.com\/en\/wp-json\/wp\/v2\/properties"}],"about":[{"href":"https:\/\/www.cocoinmobiliaria.com\/en\/wp-json\/wp\/v2\/types\/property"}],"author":[{"embeddable":true,"href":"https:\/\/www.cocoinmobiliaria.com\/en\/wp-json\/wp\/v2\/users\/3"}],"version-history":[{"count":0,"href":"https:\/\/www.cocoinmobiliaria.com\/en\/wp-json\/wp\/v2\/properties\/2393809\/revisions"}],"wp:featuredmedia":[{"embeddable":true,"href":"https:\/\/www.cocoinmobiliaria.com\/en\/wp-json\/wp\/v2\/media\/2393811"}],"wp:attachment":[{"href":"https:\/\/www.cocoinmobiliaria.com\/en\/wp-json\/wp\/v2\/media?parent=2393809"}],"wp:term":[{"taxonomy":"property_type","embeddable":true,"href":"https:\/\/www.cocoinmobiliaria.com\/en\/wp-json\/wp\/v2\/property_type?post=2393809"},{"taxonomy":"property_status","embeddable":true,"href":"https:\/\/www.cocoinmobiliaria.com\/en\/wp-json\/wp\/v2\/property_status?post=2393809"},{"taxonomy":"property_feature","embeddable":true,"href":"https:\/\/www.cocoinmobiliaria.com\/en\/wp-json\/wp\/v2\/property_feature?post=2393809"},{"taxonomy":"property_label","embeddable":true,"href":"https:\/\/www.cocoinmobiliaria.com\/en\/wp-json\/wp\/v2\/property_label?post=2393809"},{"taxonomy":"property_country","embeddable":true,"href":"https:\/\/www.cocoinmobiliaria.com\/en\/wp-json\/wp\/v2\/property_country?post=2393809"},{"taxonomy":"property_state","embeddable":true,"href":"https:\/\/www.cocoinmobiliaria.com\/en\/wp-json\/wp\/v2\/property_state?post=2393809"},{"taxonomy":"property_city","embeddable":true,"href":"https:\/\/www.cocoinmobiliaria.com\/en\/wp-json\/wp\/v2\/property_city?post=2393809"},{"taxonomy":"property_area","embeddable":true,"href":"https:\/\/www.cocoinmobiliaria.com\/en\/wp-json\/wp\/v2\/property_area?post=2393809"}],"curies":[{"name":"wp","href":"https:\/\/api.w.org\/{rel}","templated":true}]}}

Luminoso piso con ascensor y terraza centro de Santanyí. &#8211; p-369

<p>Luminoso y acogedor apartamento situado en el corazón de Santanyí, uno de los pueblos con más encanto y proyección internacional del sureste de Mallorca. Esta propiedad representa una excelente oportunidad tanto como residencia habitual como segunda vivienda para quienes buscan disfrutar de un estilo de vida mediterráneo auténtico, con todos los servicios a poca distancia y algunas de las mejores calas de la isla a pocos minutos en coche.</p>
<p>Ubicado en una primera planta con ascensor, el piso ofrece una distribución cómoda y funcional, destacando por su abundante luz natural durante todo el día. Dispone de dos amplios dormitorios dobles y dos baños completos, una configuración muy demandada por compradores internacionales que valoran el confort y la privacidad.</p>
<p>El salón-comedor es espacioso y se abre a una agradable terraza privada, ideal para relajarse, desayunar al sol o disfrutar de las suaves temperaturas de Mallorca durante gran parte del año. La cocina es independiente y práctica, con potencial para adaptarse a un estilo más contemporáneo si se desea.</p>
<p>La propiedad forma parte de un edificio bien mantenido, en una zona céntrica pero tranquila, lo que permite combinar la vida local con la comodidad. Santanyí es especialmente apreciado por su mercado tradicional, su oferta gastronómica y su cercanía a enclaves naturales como Cala Santanyí, Cala Llombards o el Parque Natural de Mondragó, lo que añade un valor significativo tanto a nivel personal como de inversión.</p>

<p>Luminoso y acogedor apartamento situado en el corazón de Santanyí, uno de los pueblos con más encanto y proyección internacional del sureste de Mallorca. Esta propiedad representa una excelente oportunidad tanto como residencia habitual como segunda vivienda para quienes buscan disfrutar de un estilo de vida mediterráneo auténtico, </p>

Santanyí,Illes Balears

Santanyí,Illes Balears,Spain

a:5:{i:0;a:2:{s:29:"fave_additional_feature_title";s:12:"Carpintería";s:29:"fave_additional_feature_value";s:0:"";}i:1;a:2:{s:29:"fave_additional_feature_title";s:21:"Carpintería exterior";s:29:"fave_additional_feature_value";s:8:"Aluminio";}i:2;a:2:{s:29:"fave_additional_feature_title";s:6:"Estado";s:29:"fave_additional_feature_value";s:9:"De origen";}i:3;a:2:{s:29:"fave_additional_feature_title";s:6:"Vistas";s:29:"fave_additional_feature_value";s:0:"";}i:4;a:2:{s:29:"fave_additional_feature_title";s:11:"Orientacion";s:29:"fave_additional_feature_value";s:0:"";}}
