{"id":2392699,"date":"2026-03-08T19:25:15","date_gmt":"2026-03-08T19:25:15","guid":{"rendered":"https:\/\/www.cocoinmobiliaria.com\/inmueble\/venta\/adosado\/illes-balears\/arta\/p-354\/"},"modified":"2026-03-08T19:25:15","modified_gmt":"2026-03-08T19:25:15","slug":"adosado-en-arta-p-354-en","status":"publish","type":"property","link":"https:\/\/www.cocoinmobiliaria.com\/en\/inmueble\/venta\/adosado\/illes-balears\/arta\/p-354\/","title":{"rendered":"ADOSADO EN ARTA. &#8211; p-354"},"content":{"rendered":"<p>COCO INMOBILIARIA OFRECE.<\/p>\n<p>Exclusiva promoci\u00f3n de viviendas adosadas situada en Art\u00e0, un encantador pueblo lleno de historia en el noreste de Mallorca. Un entorno aut\u00e9ntico que combina tradici\u00f3n, tranquilidad y calidad de vida.<\/p>\n<p>Esta casa adosada de dos plantas destaca por sus amplias terrazas, jard\u00edn privado y acceso a una cuidada zona comunitaria con piscina y jardines, ideal para disfrutar del clima mediterr\u00e1neo.<\/p>\n<p>En la planta baja se encuentra un amplio y luminoso espacio que integra sal\u00f3n y comedor con cocina abierta, completamente amueblada y equipada. Desde el sal\u00f3n se accede directamente a la terraza y al jard\u00edn privado orientado al sur, lo que garantiza una excelente entrada de luz natural durante todo el d\u00eda. En esta planta tambi\u00e9n se dispone de un pr\u00e1ctico aseo de cortes\u00eda.<\/p>\n<p>La primera planta alberga tres dormitorios dobles y dos ba\u00f1os completos, uno de ellos en suite. El dormitorio principal cuenta adem\u00e1s con vestidor y acceso a su propia terraza privada.<\/p>\n<p>La vivienda incluye una plaza de garaje privada con acceso directo e independiente, lo que aporta comodidad y funcionalidad al d\u00eda a d\u00eda.<\/p>\n<p>Una propiedad ideal tanto como residencia habitual como segunda vivienda para disfrutar del estilo de vida mediterr\u00e1neo en uno de los pueblos con m\u00e1s encanto de Mallorca.<\/p>\n","protected":false},"excerpt":{"rendered":"<p>COCO INMOBILIARIA OFRECE.~~Exclusiva promoci\u00f3n de viviendas adosadas situada en Art\u00e0, un encantador pueblo lleno de historia en el noreste de Mallorca. Un entorno aut\u00e9ntico que combina tradici\u00f3n, tranquilidad y calidad de vida.~~Esta casa adosada de dos plantas destaca por sus amplias terrazas, jard\u00edn privado y acceso a una cuidada <\/p>\n","protected":false},"author":3,"featured_media":2392701,"parent":0,"menu_order":0,"template":"","property_type":[727],"property_status":[417],"property_feature":[430,424],"property_label":[],"property_country":[],"property_state":[418],"property_city":[814],"property_area":[815],"class_list":["post-2392699","property","type-property","status-publish","has-post-thumbnail","hentry","property_type-house-chalet","property_status-sale","property_feature-garden","property_feature-parking-en","property_state-illes-balears","property_city-arta","property_area-arta"],"property_meta":{"fave_agent":["43378"],"fave_agents":["43378"],"fave_agent_display_option":["agent_info"],"property_agent":["43378"],"custom_permalink":["inmueble\/venta\/adosado\/illes-balears\/arta\/p-354\/"],"_thumbnail_id":["2392701"],"post_id":["Array"],"original_author":["3"],"_edit_lock":["1604137107:1"],"_edit_last":["1"],"fave_property_map_street_view":["show"],"fave_payment_status":["not_paid"],"fave_single_top_area":["global"],"fave_single_content_area":["global"],"houzez_manual_expire":["0"],"fave_property_size_prefix":["m&sup2;"],"fave_property_map":["1"],"fave_additional_features_enable":["disable"],"fave_floor_plans_enable":["disable"],"fave_multiunit_plans_enable":["disable"],"fave_prop_homeslider":["yes"],"fave_featured":["1"],"fave_property_address":["Art\u00e0,Illes Balears"],"fave_property_zip":["07570"],"houzez_geolocation_lat":["39.6928129227"],"houzez_geolocation_long":["3.3492030347183"],"fave_property_location":["39.6928129227,3.3492030347183"],"fave_property_country":["ES"],"fave_property_map_address":["Art\u00e0,Illes Balears,Spain"],"fave_comunidadimporte":["0"],"fave_comunidadincluida":["0"],"fave_conservacion":["En construcci\u00c3\u00b3n"],"fave_orientacion":[""],"fave_carpinteriainterior":[""],"fave_carpinteriaexterior":[""],"fave_tiposuelo":[""],"fave_vistas":[""],"additional_features":["a:5:{i:0;a:2:{s:29:\"fave_additional_feature_title\";s:12:\"Carpinter\u00eda\";s:29:\"fave_additional_feature_value\";s:0:\"\";}i:1;a:2:{s:29:\"fave_additional_feature_title\";s:21:\"Carpinter\u00eda exterior\";s:29:\"fave_additional_feature_value\";s:0:\"\";}i:2;a:2:{s:29:\"fave_additional_feature_title\";s:6:\"Estado\";s:29:\"fave_additional_feature_value\";s:18:\"En construcci\u00c3\u00b3n\";}i:3;a:2:{s:29:\"fave_additional_feature_title\";s:6:\"Vistas\";s:29:\"fave_additional_feature_value\";s:0:\"\";}i:4;a:2:{s:29:\"fave_additional_feature_title\";s:11:\"Orientacion\";s:29:\"fave_additional_feature_value\";s:0:\"\";}}"],"fave_planta":["Planta baja"],"referencia":["p-354"],"fave_property_id":["p-354"],"fave_property_bedrooms":["3"],"fave_property_bathrooms":["2"],"fave_property_garage":["1"],"fave_property_land":["0"],"ave_property_land_postfix":["m&sup2;"],"fave_property_size":["151"],"fave_property_year":["2026"],"fave_energy_global_index":["0 kWh\/m&sup2; \/1234.99 Kg CO2\/m&sup2;"],"fave_energy_class":["N"],"estate_attr_energy_class":["Tramitando..."],"REAL_HOMES_property_emisiones":["1234.99"],"REAL_HOMES_property_consumo":["0"],"REAL_HOMES_property_letra":["N"],"estate_video":[""],"fave_virtual_tour":[""],"vendidoInmueble":[""],"fave_property_price":["888000"],"fave_property_price_postfix":[""],"fave_property_images":["2392701","2392702","2392703","2392704","2392705","2392706","2392707","2392708","2392709","2392710","2392711","2392712","2392713","2392714","2392715","2392716","2392717","2392718","2392719","2392720","2392721","2392722","2392723"],"houzez_total_property_views":["3"],"houzez_views_by_date":["a:1:{s:10:\"04-28-2026\";i:3;}"],"houzez_recently_viewed":["2026-04-28 12:35:49"],"_elementor_page_assets":["a:0:{}"]},"_links":{"self":[{"href":"https:\/\/www.cocoinmobiliaria.com\/en\/wp-json\/wp\/v2\/properties\/2392699","targetHints":{"allow":["GET"]}}],"collection":[{"href":"https:\/\/www.cocoinmobiliaria.com\/en\/wp-json\/wp\/v2\/properties"}],"about":[{"href":"https:\/\/www.cocoinmobiliaria.com\/en\/wp-json\/wp\/v2\/types\/property"}],"author":[{"embeddable":true,"href":"https:\/\/www.cocoinmobiliaria.com\/en\/wp-json\/wp\/v2\/users\/3"}],"version-history":[{"count":0,"href":"https:\/\/www.cocoinmobiliaria.com\/en\/wp-json\/wp\/v2\/properties\/2392699\/revisions"}],"wp:featuredmedia":[{"embeddable":true,"href":"https:\/\/www.cocoinmobiliaria.com\/en\/wp-json\/wp\/v2\/media\/2392701"}],"wp:attachment":[{"href":"https:\/\/www.cocoinmobiliaria.com\/en\/wp-json\/wp\/v2\/media?parent=2392699"}],"wp:term":[{"taxonomy":"property_type","embeddable":true,"href":"https:\/\/www.cocoinmobiliaria.com\/en\/wp-json\/wp\/v2\/property_type?post=2392699"},{"taxonomy":"property_status","embeddable":true,"href":"https:\/\/www.cocoinmobiliaria.com\/en\/wp-json\/wp\/v2\/property_status?post=2392699"},{"taxonomy":"property_feature","embeddable":true,"href":"https:\/\/www.cocoinmobiliaria.com\/en\/wp-json\/wp\/v2\/property_feature?post=2392699"},{"taxonomy":"property_label","embeddable":true,"href":"https:\/\/www.cocoinmobiliaria.com\/en\/wp-json\/wp\/v2\/property_label?post=2392699"},{"taxonomy":"property_country","embeddable":true,"href":"https:\/\/www.cocoinmobiliaria.com\/en\/wp-json\/wp\/v2\/property_country?post=2392699"},{"taxonomy":"property_state","embeddable":true,"href":"https:\/\/www.cocoinmobiliaria.com\/en\/wp-json\/wp\/v2\/property_state?post=2392699"},{"taxonomy":"property_city","embeddable":true,"href":"https:\/\/www.cocoinmobiliaria.com\/en\/wp-json\/wp\/v2\/property_city?post=2392699"},{"taxonomy":"property_area","embeddable":true,"href":"https:\/\/www.cocoinmobiliaria.com\/en\/wp-json\/wp\/v2\/property_area?post=2392699"}],"curies":[{"name":"wp","href":"https:\/\/api.w.org\/{rel}","templated":true}]}}

<p>COCO INMOBILIARIA OFRECE.</p>
<p>Exclusiva promoción de viviendas adosadas situada en Artà, un encantador pueblo lleno de historia en el noreste de Mallorca. Un entorno auténtico que combina tradición, tranquilidad y calidad de vida.</p>
<p>Esta casa adosada de dos plantas destaca por sus amplias terrazas, jardín privado y acceso a una cuidada zona comunitaria con piscina y jardines, ideal para disfrutar del clima mediterráneo.</p>
<p>En la planta baja se encuentra un amplio y luminoso espacio que integra salón y comedor con cocina abierta, completamente amueblada y equipada. Desde el salón se accede directamente a la terraza y al jardín privado orientado al sur, lo que garantiza una excelente entrada de luz natural durante todo el día. En esta planta también se dispone de un práctico aseo de cortesía.</p>
<p>La primera planta alberga tres dormitorios dobles y dos baños completos, uno de ellos en suite. El dormitorio principal cuenta además con vestidor y acceso a su propia terraza privada.</p>
<p>La vivienda incluye una plaza de garaje privada con acceso directo e independiente, lo que aporta comodidad y funcionalidad al día a día.</p>
<p>Una propiedad ideal tanto como residencia habitual como segunda vivienda para disfrutar del estilo de vida mediterráneo en uno de los pueblos con más encanto de Mallorca.</p>

<p>COCO INMOBILIARIA OFRECE.~~Exclusiva promoción de viviendas adosadas situada en Artà, un encantador pueblo lleno de historia en el noreste de Mallorca. Un entorno auténtico que combina tradición, tranquilidad y calidad de vida.~~Esta casa adosada de dos plantas destaca por sus amplias terrazas, jardín privado y acceso a una cuidada </p>

Artà,Illes Balears

Artà,Illes Balears,Spain

En construcciÃ³n

a:5:{i:0;a:2:{s:29:"fave_additional_feature_title";s:12:"Carpintería";s:29:"fave_additional_feature_value";s:0:"";}i:1;a:2:{s:29:"fave_additional_feature_title";s:21:"Carpintería exterior";s:29:"fave_additional_feature_value";s:0:"";}i:2;a:2:{s:29:"fave_additional_feature_title";s:6:"Estado";s:29:"fave_additional_feature_value";s:18:"En construcciÃ³n";}i:3;a:2:{s:29:"fave_additional_feature_title";s:6:"Vistas";s:29:"fave_additional_feature_value";s:0:"";}i:4;a:2:{s:29:"fave_additional_feature_title";s:11:"Orientacion";s:29:"fave_additional_feature_value";s:0:"";}}
